ousands digit of 1953505801?
5
What is the ten thousands digit of 35158601?
5
What is the millions digit of 59783922?
9
What is the tens digit of 466133249?
4
What is the millions digit of 41677796?
1
What is the hundreds digit of 25238643?
6
What is the hundred thousands digit of 1043260229?
2
What is the thousands digit of 4794727118?
7
What is the thousands digit of 1173401053?
1
What is the millions digit of 14675211?
4
What is the ten thousands digit of 981749975?
4
What is the millions digit of 53176743?
3
What is the thousands digit of 75542826?
2
What is the hundred thousands digit of 47455716?
4
What is the hundred millions digit of 604941644?
6
What is the ten thousands digit of 989694172?
9
What is the ten thousands digit of 548672188?
7
What is the ten millions digit of 190254261?
9
What is the tens digit of 24092019?
1
What is the ten thousands digit of 422285870?
8
What is the thousands digit of 34648050?
8
What is the hundred thousands digit of 71703688?
7
What is the ten thousands digit of 168013633?
1
What is the units digit of 1346041156?
6
What is the hundred thousands digit of 1418013946?
0
What is the ten thousands digit of 5533421048?
2
What is the hundred thousands digit of 96390381?
3
What is the ten thousands digit of 411418361?
1
What is the tens digit of 26458949?
4
What is the hundred millions digit of 1718404071?
7
What is the ten thousands digit of 240733541?
3
What is the ten millions digit of 3231783070?
3
What is the tens digit of 122783622?
2
What is the thousands digit of 85353861?
3
What is the millions digit of 306934461?
6
What is the ten thousands digit of 86836047?
3
What is the thousands digit of 1708485775?
5
What is the hundreds digit of 6946352869?
8
What is the millions digit of 33499468?
3
What is the hundred millions digit of 1874832411?
8
What is the tens digit of 73123822?
2
What is the thousands digit of 300458720?
8
What is the hundreds digit of 4307030341?
3
What is the thousands digit of 3941222121?
2
What is the units digit of 1391513273?
3
What is the thousands digit of 202177088?
7
What is the millions digit of 144048089?
4
What is the thousands digit of 1078890372?
0
What is the millions digit of 3692743916?
2
What is the thousands digit of 45045120?
5
What is the millions digit of 97030402?
7
What is the millions digit of 685140795?
5
What is the hundred thousands digit of 821963925?
9
What is the hundred millions digit of 139389380?
1
What is the thousands digit of 58508621?
8
What is the units digit of 31521020?
0
What is the ten millions digit of 323311992?
2
What is the hundreds digit of 12752486?
4
What is the ten millions digit of 644792327?
4
What is the hundred millions digit of 1643213558?
6
What is the hundreds digit of 14885840?
8
What is the millions digit of 231280234?
1
What is the hundred thousands digit of 369578066?
5
What is the hundreds digit of 67241295?
2
What is the tens digit of 137384074?
7
What is the hundred millions digit of 964067754?
9
What is the hundreds digit of 200616000?
0
What is the thousands digit of 147750370?
0
What is the hundreds digit of 480782289?
2
What is the hundred thousands digit of 308425309?
4
What is the ten thousands digit of 1257548679?
4
What is the thousands digit of 962384573?
4
What is the millions digit of 54730320?
4
What is the hundreds digit of 2685302563?
5
What is the hundreds digit of 10348254?
2
What is the tens digit of 2510625402?
0
What is the thousands digit of 29475124?
5
What is the hundred thousands digit of 327902731?
9
What is the hundred thousands digit of 164836712?
8
What is the units digit of 320808?
8
What is the hundred thousands digit of 236259004?
2
What is the hundreds digit of 74483610?
6
What is the ten millions digit of 17173432?
1
What is the ten thousands digit of 140584757?
8
What is the hundreds digit of 850295?
2
What is the hundreds digit of 1125742088?
0
What is the ten millions digit of 5810714829?
1
What is the hundred thousands digit of 117729886?
7
What is the millions digit of 97750362?
7
What is the millions digit of 65753243?
5
What is the ten thousands digit of 1194796588?
9
What is the thousands digit of 1120880322?
0
What is the thousands digit of 1376919443?
9
What is the billions digit of 7020127088?
7
What is the ten millions digit of 29316608?
2
What is the thousands digit of 476347738?
7
What is the thousands digit of 3342336610?
6
What is the thousands digit of 9755103?
5
What is the hundreds digit of 52925143?
1
What is the hundreds digit of 362071163?
1
What is the thousands digit of 6023222172?
2
What is the thousands digit of 2653843859?
3
What is the units digit of 6563773?
3
What is the units digit of 16876254?
4
What is the ten millions digit of 432543078?
3
What is the ten millions digit of 189307053?
8
What is the ten thousands digit of 33383216?
8
What is the ten thousands digit of 231209120?
0
What is the hundreds digit of 908318154?
1
What is the units digit of 72749696?
6
What is the hundreds digit of 7807274?
2
What is the ten millions digit of 270286479?
7
What is the hundred thousands digit of 36354958?
3
What is the ten millions digit of 2612044908?
1
What is the units digit of 744111338?
8
What is the units digit of 776521?
1
What is the hundred thousands digit of 947370210?
3
What is the millions digit of 2800409814?
0
What is the hundred thousands digit of 147464128?
4
What is the hundred thousands digit of 140310183?
3
What is the thousands digit of 172779626?
9
What is the millions digit of 232158724?
2
What is the tens digit of 109533898?
9
What is the tens digit of 536682?
8
What is the ten thousands digit of 13585420?
8
What is the tens digit of 69973178?
7
What is the millions digit of 44674430?
4
What is the hundred millions digit of 160812536?
1
What is the hundreds digit of 4199548749?
7
What is the hundred millions digit of 196846377?
1
What is the units digit of 1390595807?
7
What is the tens digit of 299879090?
9
What is the thousands digit of 212643640?
3
What is the ten millions digit of 282425589?
8
What is the hundreds digit of 80043897?
8
What is the hundred thousands digit of 36042935?
0
What is the units digit of 2065178831?
1
What is the millions digit of 54300066?
4
What is the thousands digit of 304763928?
3
What is the hundred thousands digit of 9757352?
7
What is the millions digit of 147465908?
7
What is the tens digit of 53783148?
4
What is the thousands digit of 458080068?
0
What is the units digit of 952433117?
7
What is the millions digit of 21783082?
1
What is the tens digit of 50889768?
6
What is the billions digit of 6388624538?
6
What is the millions digit of 33868501?
3
What is the units digit of 182787351?
1
What is the tens digit of 48734648?
4
What is the hundred thousands digit of 1885920313?
9
What is the ten millions digit of 94507778?
9
What is the ten thousands digit of 802983670?
8
What is the thousands digit of 118157752?
7
What is the millions digit of 339989437?
9
What is the ten millions digit of 412551742?
1
What is the hundreds digit of 1816635200?
2
What is the hundreds digit of 32338434?
4
What is the millions digit of 100326366?
0
What is the ten thousands digit of 2040383769?
8
What is the ten millions digit of 62967804?
6
What is the units digit of 125825229?
9
What is the ten millions digit of 14965219?
1
What is the ten millions digit of 180812647?
8
What is the ten thousands digit of 25548519?
4
What is the hundred thousands digit of 4754337326?
3
What is the tens digit of 21330059?
5
What is the hundred millions digit of 5044100771?
0
What is the thousands digit of 587302692?
2
What is the tens digit of 36801324?
2
What is the hundreds digit of 14276811?
8
What is the millions digit of 108791909?
8
What is the ten thousands digit of 2208375?
0
What is the millions digit of 42742344?
2
What is the ten thousands digit of 5790170901?
7
What is the billions digit of 2283824354?
2
What is the hundred thousands digit of 364131624?
1
What is the hundred thousands digit of 119132436?
1
What is the thousands digit of 875035545?
5
What is the ten thousands digit of 515959301?
5
What is the units digit of 118619824?
4
What is the hundreds digit of 5142137638?
6
What is the ten thousands digit of 123715933?
1
